 the greatest common factor of 8 and z?
1
Let c(d) = -d**2 + 4*d - 4. Let q be c(4). Let y = q - -8. What is the greatest common divisor of 32 and y?
4
Suppose p - 15 = -0*p. Let x = 115 - 55. Calculate the highest common divisor of x and p.
15
Suppose 10*u - 5*u - 140 = 0. What is the greatest common divisor of 7 and u?
7
Suppose 4*m - 238 = -78. Calculate the greatest common factor of 16 and m.
8
Suppose -j + 12 - 1 = 2*b, -2*b + 5 = 3*j. Calculate the greatest common factor of b and 7.
7
Let y = -37 + 56. What is the greatest common factor of y and 152?
19
Suppose 3*j + j = -60. Let d be (j/1)/((-3)/3). Suppose -75 = -2*i - d. What is the highest common factor of 10 and i?
10
Let t = 101 - 31. Calculate the highest common factor of t and 10.
10
Let b = 0 + 0. Let c(p) = p**2 + p + 33. Let r be c(b). Let k be 0 - (1 - 5) - (-4)/(-4). What is the highest common divisor of r and k?
3
Suppose 3*k + 244 = -k. Let b = 113 + k. Let d = 122 - b. Calculate the highest common factor of 14 and d.
14
Suppose -8 = 4*s + 4. Let h = 15 + s. What is the highest common divisor of h and 132?
12
Suppose 0 = 5*n + 2*t - 1381, 80 = -4*n + 5*t + 1165. What is the highest common divisor of n and 11?
11
Suppose -5 = -3*w + 13. Suppose 4*k = 2*m + 2*k - 12, 3*k + 3 = -2*m. What is the highest common divisor of m and w?
3
Let z = -45 + -39. Let j be (z/10)/((-4)/50). Let g be (-12)/(-4) + 1*j. What is the greatest common factor of g and 12?
12
Suppose -5*d + 253 = -w, -3*d + 4*w + 184 - 22 = 0. Suppose -2*m - m = 120. Let k = m + 60. What is the highest common divisor of k and d?
10
Let d = 67 - 48. Let v = -1 - -1. Let g = v + d. Calculate the highest common factor of g and 209.
19
Let n = 57 - 56. Calculate the highest common divisor of n and 8.
1
Let w(v) = -2*v - 2. Let t be w(-2). Let b = 0 + t. Let j be 19*(-1 - (b - 8)). What is the highest common factor of j and 38?
19
Let c(k) be the second derivative of 1/2*k**3 + 0 + 1/12*k**4 + 3/2*k**2 + k. Let m be c(-3). What is the highest common divisor of m and 15?
3
Let q = -181 - -314. Calculate the greatest common divisor of 19 and q.
19
Let w(j) = 7*j - 3. Suppose 0 = 2*i + 2*m, 0 = 4*i - 3*m + 2*m. Let u be -1 + (-3)/(-1) + i. Let v be w(u). What is the highest common divisor of v and 44?
11
Let m(f) = -f**2 + f - 1. Let t(r) = r**2 + r + 4. Let d(l) = -2*m(l) - t(l). Let z be d(6). What is the greatest common factor of 8 and z?
8
Suppose 12 = n - 3. Let k = 52 + -7. What is the highest common factor of k and n?
15
Let h be (-12)/(-10)*20/8. Suppose -h*y + 11 = -4. Calculate the highest common divisor of y and 2.
1
Let q(y) = y**2 + 4*y + 8. Let f be q(-6). Suppose 2*x + 5 - 13 = 0. Let o = x + 1. Calculate the greatest common factor of f and o.
5
Let u = 28 - 13. Calculate the greatest common divisor of 105 and u.
15
Suppose 0 = 2*k, 0*k - k + 145 = 5*t. What is the greatest common divisor of t and 87?
29
Let p(m) = m**2 + 5*m - 8. Let n be p(-9). Let q(f) = -12*f - 4. Let w be q(-4). Let i = w + 26. Calculate the greatest common factor of n and i.
14
Suppose 0*h - 60 = -h. Calculate the highest common divisor of h and 40.
20
Suppose -2*a - 4*d + 65 = 3*a, d = 0. Let t = -4 + a. Calculate the highest common factor of t and 9.
9
Let m(r) = r**3 - 7*r**2 + 4*r + 2. Let o be m(7). Let t = -13 + o. Calculate the greatest common divisor of t and 51.
17
Let i be (-4)/18 - (-2040)/(-54). Let f = i + 54. What is the highest common divisor of 2 and f?
2
Let g be 0 + 1 + 8/2*3. What is the highest common divisor of g and 1?
1
Let u(m) = -m**2 + 8*m + 4. Let l be u(8). Suppose -4*z + 6*z = 0, -h + 8 = -l*z. Let t = -53 + 93. Calculate the highest common factor of h and t.
8
Let h be 1/(-2) - ((-57)/6 + 3). Calculate the highest common divisor of h and 66.
6
Let v = -1 - -10. Let i be ((-30)/v)/(2/(-15)). Calculate the greatest common divisor of 10 and i.
5
Suppose -5*p + 197 = -353. Calculate the greatest common factor of p and 10.
10
Suppose 3*y - 394 = -43. What is the greatest common factor of y and 13?
13
Let m(g) = g - 1. Let j be m(0). Let x(z) = -39*z + 1. Let y be x(j). Calculate the greatest common factor of 8 and y.
8
Suppose -19 = -2*n - 2*n - i, -2*n - i = -7. Suppose -u + 4*f - n*f = -105, -2*f + 4 = 0. Let g = 143 - u. What is the highest common factor of g and 105?
21
Suppose -j + 0*j = -8. What is the highest common divisor of 16 and j?
8
Let p(o) = -o + 9. Let f be (42/12)/((-2)/(-4)). Let a be p(f). Let g be 3*a/(12/10). Calculate the highest common factor of 5 and g.
5
Let g = -10 - -12. Calculate the greatest common factor of g and 2.
2
Suppose 2*n + 3*n - 40 = 0. Let v(u) = u + 5. Let f be v(-7). Let s = f + n. Calculate the highest common factor of 48 and s.
6
Let y be 10*(-10)/(-25) - 0. Calculate the highest common factor of 4 and y.
4
Let g = 78 - -191. Suppose -g = -5*i - 109. Calculate the highest common factor of 4 and i.
4
Suppose 4*t = 7*r - 2*r + 128, -3*t - 2*r + 73 = 0. Let u = t + -16. Calculate the highest common divisor of 44 and u.
11
Suppose -z = -i - 4, 5*i + 3*z = z + 15. Let y be (-1)/i*-1 + 4. Calculate the greatest common divisor of 40 and y.
5
Let b(c) = -21*c + 54. Let z be b(-12). What is the greatest common divisor of 18 and z?
18
Let f be (-1)/3*(-1 - 2). Suppose -f = 2*u + 11. Let x(h) = h**3 + 7*h**2 + 6*h + 3. Let n be x(u). What is the highest common factor of n and 33?
3
Suppose 4*w = 4*f + 56, -w + 3*f - 94 = -6*w. Calculate the highest common divisor of 85 and w.
17
Let s(b) = b + 7. Let c be s(0). Suppose 3*d = -d + 8. Let l be (-14)/d*1*-3. Calculate the greatest common factor of l and c.
7
Let k be (-24 - -35) + (1 - 0). Calculate the highest common divisor of 12 and k.
12
Suppose 4*j - 1200 = -6*j. What is the greatest common divisor of j and 12?
12
Let d = -6 + 17. Let m = 225 + -104. Calculate the greatest common factor of d and m.
11
Let p(n) = 5*n**3 + 4*n**2 + 3*n. Let z be p(-2). Let l be 2/(-3)*(3 + z). What is the highest common divisor of l and 18?
18
Suppose -30 - 2 = -y. Calculate the greatest common divisor of y and 4.
4
Let w(f) = -f**3 + 2*f**2 + f - 4. Let t be w(-3). Let h = 93 - t. Let b be (-4)/(-2)*2 + 1. What is the greatest common divisor of h and b?
5
Let b(w) = w**3 + 7*w**2 - 8*w. Let g be b(-8). Suppose 3*k + 4*r - 22 = 2*k, -2*k + r - 1 = g. Calculate the highest common factor of 6 and k.
2
Let f be 144 - ((-2)/11 + (-16)/(-88)). What is the greatest common factor of 9 and f?
9
Suppose -232 - 38 = -6*v. What is the greatest common divisor of 9 and v?
9
Let y(b) = b**2 + 3*b - 6. Let h be y(-5). Suppose 4*z - 89 = -13. Suppose 1 = 5*o - z. What is the highest common divisor of o and h?
4
Let h = -13 + 8. Let u = h + 38. Calculate the greatest common factor of u and 11.
11
Let d = -14 - -27. Let n(y) = y**2 + 9*y - 207. Let z be n(11). What is the highest common divisor of z and d?
13
Let j = 17 - 9. Calculate the highest common factor of 72 and j.
8
Suppose -c - 4 - 10 = 4*x, 3*x = 5*c - 45. Calculate the greatest common divisor of 4 and c.
2
Suppose 3*k + 285 = 8*k. Suppose -k = -4*w - 21. What is the greatest common factor of 3 and w?
3
Let f = 5 - 3. Suppose 2*c + 2*x - 28 = 3*x, -f*x + 40 = 4*c. What is the highest common divisor of c and 4?
4
Suppose -3*h + 8 = -73. Calculate the greatest common factor of 27 and h.
27
Let f(v) = -4*v**3 - 2*v**2 - v - 2. Let l be f(-2). Let o be ((-108)/(-216))/((-2)/(-240)). Calculate the highest common divisor of l and o.
12
Suppose -5*j + 2*n = 4*n - 519, 0 = n + 3. What is the greatest common divisor of 21 and j?
21
Suppose 2 - 38 = 4*f. Let p = 5 - f. What is the highest common divisor of 21 and p?
7
Suppose -7 = -6*z + 5*z. Let f be (-18)/(-10) + 1/5. Suppose 4*l = q - 2, 4*l - 68 = f*q - 6*q. Calculate the highest common divisor of z and q.
7
Let l(i) = i**2 + 11*i - 10. Let p be l(9). What is the greatest common factor of p and 68?
34
Let a(l) = -l**3 + 12*l**2 - 10*l + 3. Let x be a(11). Calculate the highest common divisor of 7 and x.
7
Let m(l) be the second derivative of -3/2*l**2 + 0 - 7/5*l**5 - 1/2*l**3 + 3*l + 1/12*l**4. Let y be m(-2). Calculate the greatest common divisor of y and 21.
21
Let w = 9 - 3. Let p be (-2 + (-15)/(-9))*-18. What is the greatest common factor of w and